{"id":1219,"date":"2025-07-25T14:38:09","date_gmt":"2025-07-25T17:38:09","guid":{"rendered":"https:\/\/posgrados.fcecon.unr.edu.ar\/?post_type=product&#038;p=1219"},"modified":"2025-08-26T14:30:02","modified_gmt":"2025-08-26T17:30:02","slug":"programa-mi-primer-cliente-pyme-modulo-5-mi-primer-estado-contable","status":"publish","type":"product","link":"https:\/\/posgrados.fcecon.unr.edu.ar\/?product=programa-mi-primer-cliente-pyme-modulo-5-mi-primer-estado-contable","title":{"rendered":"Programa \u201cMi primer cliente PyME\u201d | M\u00f3dulo 5: Mi primer estado contable"},"content":{"rendered":"<p><img decoding=\"async\" class=\"emoji\" role=\"img\" draggable=\"false\" src=\"https:\/\/s.w.org\/images\/core\/emoji\/15.1.0\/svg\/1f5d3.svg\" alt=\"\ud83d\uddd3\ufe0f\" \/> 4 encuentros: Lunes 4\/8, Jueves 7\/8, Lunes 11\/8 y Jueves 14\/8<br \/>\n<img decoding=\"async\" class=\"emoji\" role=\"img\" draggable=\"false\" src=\"https:\/\/s.w.org\/images\/core\/emoji\/15.1.0\/svg\/1f55c.svg\" alt=\"\ud83d\udd5c\" \/>\u00a0Horario: de 18 a 20<br \/>\n<img decoding=\"async\" class=\"emoji\" role=\"img\" draggable=\"false\" src=\"https:\/\/s.w.org\/images\/core\/emoji\/15.1.0\/svg\/1f449-1f3fd.svg\" alt=\"\ud83d\udc49\ud83c\udffd\" \/>\u00a0Modalidad: Virtual \/ Plataforma Meet \/ Sincr\u00f3nica (los encuentros no son grabados)<br \/>\n<img decoding=\"async\" class=\"emoji\" role=\"img\" draggable=\"false\" src=\"https:\/\/s.w.org\/images\/core\/emoji\/15.1.0\/svg\/1f9fe.svg\" alt=\"\ud83e\uddfe\" \/>\u00a0Se entregan certificados de asistencia<\/p>\n<p><strong>Docente a cargo:<\/strong>\u00a0CP Mariana Ramos y CP Vanina Cimini<\/p>\n<p><strong>Contenidos:<\/strong><br \/>\n<img decoding=\"async\" class=\"emoji\" role=\"img\" draggable=\"false\" src=\"https:\/\/s.w.org\/images\/core\/emoji\/16.0.1\/svg\/2714.svg\" alt=\"\u2714\ufe0f\" \/> An\u00e1lisis de las NCP vigentes de exposici\u00f3n y su aplicaci\u00f3n pr\u00e1ctica.<br \/>\n<img decoding=\"async\" class=\"emoji\" role=\"img\" draggable=\"false\" src=\"https:\/\/s.w.org\/images\/core\/emoji\/16.0.1\/svg\/2714.svg\" alt=\"\u2714\ufe0f\" \/> Confecci\u00f3n de Estados Contables. Esquema general. Modelos de notas y anexos.<br \/>\n<img decoding=\"async\" class=\"emoji\" role=\"img\" draggable=\"false\" src=\"https:\/\/s.w.org\/images\/core\/emoji\/16.0.1\/svg\/2714.svg\" alt=\"\u2714\ufe0f\" \/> Ajuste integral por inflaci\u00f3n contable.<br \/>\n<img decoding=\"async\" class=\"emoji\" role=\"img\" draggable=\"false\" src=\"https:\/\/s.w.org\/images\/core\/emoji\/16.0.1\/svg\/2714.svg\" alt=\"\u2714\ufe0f\" \/> Informe de auditor\u00eda. Modificaciones introducidas a la RT 37, por la RT 53.<br \/>\n<img decoding=\"async\" class=\"emoji\" role=\"img\" draggable=\"false\" src=\"https:\/\/s.w.org\/images\/core\/emoji\/16.0.1\/svg\/2714.svg\" alt=\"\u2714\ufe0f\" \/> Modelos de Informes y casos de aplicaci\u00f3n.<br \/>\n<img decoding=\"async\" class=\"emoji\" role=\"img\" draggable=\"false\" src=\"https:\/\/s.w.org\/images\/core\/emoji\/16.0.1\/svg\/2714.svg\" alt=\"\u2714\ufe0f\" \/> Certificaci\u00f3n de estados contables, aranceles y honorarios m\u00ednimos sugeridos.<\/p>\n<p><img decoding=\"async\" class=\"emoji\" role=\"img\" draggable=\"false\" src=\"https:\/\/s.w.org\/images\/core\/emoji\/16.0.1\/svg\/1f4b0.svg\" alt=\"\ud83d\udcb0\" \/>\u00a0Aranceles:<br \/>\nAlumnos y docentes FCEyE UNR: $ 66.000<br \/>\nGraduados FCEyE UNR y\/o matriculados CPCE: $ 70.000<br \/>\nP\u00fablico general: $ 80.000<\/p>\n<p><strong>M\u00e1s Info:<\/strong>\u00a0posgrado.virtual@fcecon.unr.edu.ar<\/p>\n<p><img decoding=\"async\" class=\"emoji\" role=\"img\" draggable=\"false\" src=\"https:\/\/s.w.org\/images\/core\/emoji\/16.0.1\/svg\/27a1.svg\" alt=\"\u27a1\ufe0f\" \/>\u00a01) Cargar la inscripci\u00f3n\u00a0<a href=\"https:\/\/forms.gle\/AXRTWxxx6xGKcm796\"><em><strong>en este link<\/strong><\/em><\/a><\/p>\n<p><img decoding=\"async\" class=\"emoji\" role=\"img\" draggable=\"false\" src=\"https:\/\/s.w.org\/images\/core\/emoji\/16.0.1\/svg\/27a1.svg\" alt=\"\u27a1\ufe0f\" \/>\u00a02) Acreditar el pago completando\u00a0<a href=\"https:\/\/docs.google.com\/forms\/d\/e\/1FAIpQLScNuzJ5O-eTxZhYVGTo868OH8Buy9WVoQd0YJYtGyAZ2klb7Q\/viewform\"><em><strong>el siguiente link<\/strong><\/em><\/a><\/p>\n<p><strong>Forma de pago:<\/strong><br \/>\nTransferencia bancaria a Asociaci\u00f3n Cooperadora de Facultad de Ciencias Econ\u00f3micas y Estad\u00edstica de la UNR (*)<br \/>\nBANCO MACRO<br \/>\nCuenta: CC \u2013 PESOS \u2013 372000000048503<br \/>\nCBU: 2850720230000000485033<\/p>\n<p>(*)\u00a0<em>Por otros medios de pago comunicarse al siguiente correo: cobranza-cooperadora@fcecon.unr.edu.ar<\/em><\/p>\n<p><strong>Organizan:<\/strong><br \/>\n\u00c1rea Graduados. Secretar\u00eda de Posgrado y Formaci\u00f3n Continua Facultad de Ciencias Econ\u00f3micas y Estad\u00edstica UNR.<br \/>\nConsejo Profesional de Ciencias Econ\u00f3micas de la Prov. Sta. Fe (C II)<br \/>\nColegio de Graduados en Ciencias Econ\u00f3micas de Rosario<\/p>\n","protected":false},"excerpt":{"rendered":"<p>4 encuentros: Lunes 4\/8, Jueves 7\/8, Lunes 11\/8 y Jueves 14\/8 \u00a0Horario: de 18 a 20 \u00a0Modalidad: Virtual \/ Plataforma<span class=\"more-dots\">&#8230;<\/span><\/p>\n","protected":false},"featured_media":1281,"comment_status":"open","ping_status":"closed","template":"","meta":[],"product_cat":[24],"product_tag":[],"class_list":{"0":"post-1219","1":"product","2":"type-product","3":"status-publish","4":"has-post-thumbnail","6":"product_cat-cursos-a-la-comunidad","8":"first","9":"instock","10":"shipping-taxable","11":"product-type-simple"},"yoast_head":"<!-- This site is optimized with the Yoast SEO plugin v27.4 - https:\/\/yoast.com\/product\/yoast-seo-wordpress\/ -->\n<title>Programa \u201cMi primer cliente PyME\u201d | M\u00f3dulo 5: Mi primer estado contable - Secretar\u00eda de Posgrado y Formaci\u00f3n Continua FCEyE UNR<\/title>\n<meta name=\"robots\" content=\"index, follow, max-snippet:-1, max-image-preview:large, max-video-preview:-1\" \/>\n<link rel=\"canonical\" href=\"https:\/\/posgrados.fcecon.unr.edu.ar\/?product=programa-mi-primer-cliente-pyme-modulo-5-mi-primer-estado-contable\" \/>\n<meta property=\"og:locale\" content=\"es_ES\" \/>\n<meta property=\"og:type\" content=\"article\" \/>\n<meta property=\"og:title\" content=\"Programa \u201cMi primer cliente PyME\u201d | M\u00f3dulo 5: Mi primer estado contable - Secretar\u00eda de Posgrado y Formaci\u00f3n Continua FCEyE UNR\" \/>\n<meta property=\"og:description\" content=\"4 encuentros: Lunes 4\/8, Jueves 7\/8, Lunes 11\/8 y Jueves 14\/8 \u00a0Horario: de 18 a 20 \u00a0Modalidad: Virtual \/ Plataforma...\" \/>\n<meta property=\"og:url\" content=\"https:\/\/posgrados.fcecon.unr.edu.ar\/?product=programa-mi-primer-cliente-pyme-modulo-5-mi-primer-estado-contable\" \/>\n<meta property=\"og:site_name\" content=\"Secretar\u00eda de Posgrado y Formaci\u00f3n Continua FCEyE UNR\" \/>\n<meta property=\"article:modified_time\" content=\"2025-08-26T17:30:02+00:00\" \/>\n<meta property=\"og:image\" content=\"https:\/\/posgrados.fcecon.unr.edu.ar\/wp-content\/uploads\/2025\/07\/Cursos-POST-1.png\" \/>\n\t<meta property=\"og:image:width\" content=\"1080\" \/>\n\t<meta property=\"og:image:height\" content=\"1080\" \/>\n\t<meta property=\"og:image:type\" content=\"image\/png\" \/>\n<meta name=\"twitter:card\" content=\"summary_large_image\" \/>\n<meta name=\"twitter:label1\" content=\"Tiempo de lectura\" \/>\n\t<meta name=\"twitter:data1\" content=\"4 minutos\" \/>\n<script type=\"application\/ld+json\" class=\"yoast-schema-graph\">{\"@context\":\"https:\\\/\\\/schema.org\",\"@graph\":[{\"@type\":\"WebPage\",\"@id\":\"https:\\\/\\\/posgrados.fcecon.unr.edu.ar\\\/?product=programa-mi-primer-cliente-pyme-modulo-5-mi-primer-estado-contable\",\"url\":\"https:\\\/\\\/posgrados.fcecon.unr.edu.ar\\\/?product=programa-mi-primer-cliente-pyme-modulo-5-mi-primer-estado-contable\",\"name\":\"Programa \u201cMi primer cliente PyME\u201d | M\u00f3dulo 5: Mi primer estado contable - Secretar\u00eda de Posgrado y Formaci\u00f3n Continua FCEyE UNR\",\"isPartOf\":{\"@id\":\"https:\\\/\\\/posgrados.fcecon.unr.edu.ar\\\/#website\"},\"primaryImageOfPage\":{\"@id\":\"https:\\\/\\\/posgrados.fcecon.unr.edu.ar\\\/?product=programa-mi-primer-cliente-pyme-modulo-5-mi-primer-estado-contable#primaryimage\"},\"image\":{\"@id\":\"https:\\\/\\\/posgrados.fcecon.unr.edu.ar\\\/?product=programa-mi-primer-cliente-pyme-modulo-5-mi-primer-estado-contable#primaryimage\"},\"thumbnailUrl\":\"https:\\\/\\\/posgrados.fcecon.unr.edu.ar\\\/wp-content\\\/uploads\\\/2025\\\/07\\\/Cursos-POST-1.png\",\"datePublished\":\"2025-07-25T17:38:09+00:00\",\"dateModified\":\"2025-08-26T17:30:02+00:00\",\"breadcrumb\":{\"@id\":\"https:\\\/\\\/posgrados.fcecon.unr.edu.ar\\\/?product=programa-mi-primer-cliente-pyme-modulo-5-mi-primer-estado-contable#breadcrumb\"},\"inLanguage\":\"es-AR\",\"potentialAction\":[{\"@type\":\"ReadAction\",\"target\":[\"https:\\\/\\\/posgrados.fcecon.unr.edu.ar\\\/?product=programa-mi-primer-cliente-pyme-modulo-5-mi-primer-estado-contable\"]}]},{\"@type\":\"ImageObject\",\"inLanguage\":\"es-AR\",\"@id\":\"https:\\\/\\\/posgrados.fcecon.unr.edu.ar\\\/?product=programa-mi-primer-cliente-pyme-modulo-5-mi-primer-estado-contable#primaryimage\",\"url\":\"https:\\\/\\\/posgrados.fcecon.unr.edu.ar\\\/wp-content\\\/uploads\\\/2025\\\/07\\\/Cursos-POST-1.png\",\"contentUrl\":\"https:\\\/\\\/posgrados.fcecon.unr.edu.ar\\\/wp-content\\\/uploads\\\/2025\\\/07\\\/Cursos-POST-1.png\",\"width\":1080,\"height\":1080},{\"@type\":\"BreadcrumbList\",\"@id\":\"https:\\\/\\\/posgrados.fcecon.unr.edu.ar\\\/?product=programa-mi-primer-cliente-pyme-modulo-5-mi-primer-estado-contable#breadcrumb\",\"itemListElement\":[{\"@type\":\"ListItem\",\"position\":1,\"name\":\"Home\",\"item\":\"https:\\\/\\\/posgrados.fcecon.unr.edu.ar\\\/\"},{\"@type\":\"ListItem\",\"position\":2,\"name\":\"Nuestros cursos\",\"item\":\"https:\\\/\\\/posgrados.fcecon.unr.edu.ar\\\/?page_id=122\"},{\"@type\":\"ListItem\",\"position\":3,\"name\":\"Programa \u201cMi primer cliente PyME\u201d | M\u00f3dulo 5: Mi primer estado contable\"}]},{\"@type\":\"WebSite\",\"@id\":\"https:\\\/\\\/posgrados.fcecon.unr.edu.ar\\\/#website\",\"url\":\"https:\\\/\\\/posgrados.fcecon.unr.edu.ar\\\/\",\"name\":\"Secretar\u00eda de Posgrado y Formaci\u00f3n Continua FCEyE UNR\",\"description\":\"Posgrado FCEyE UNR\",\"publisher\":{\"@id\":\"https:\\\/\\\/posgrados.fcecon.unr.edu.ar\\\/#organization\"},\"potentialAction\":[{\"@type\":\"SearchAction\",\"target\":{\"@type\":\"EntryPoint\",\"urlTemplate\":\"https:\\\/\\\/posgrados.fcecon.unr.edu.ar\\\/?s={search_term_string}\"},\"query-input\":{\"@type\":\"PropertyValueSpecification\",\"valueRequired\":true,\"valueName\":\"search_term_string\"}}],\"inLanguage\":\"es-AR\"},{\"@type\":\"Organization\",\"@id\":\"https:\\\/\\\/posgrados.fcecon.unr.edu.ar\\\/#organization\",\"name\":\"Secretar\u00eda de Posgrado y Formaci\u00f3n Continua FCEyE UNR\",\"url\":\"https:\\\/\\\/posgrados.fcecon.unr.edu.ar\\\/\",\"logo\":{\"@type\":\"ImageObject\",\"inLanguage\":\"es-AR\",\"@id\":\"https:\\\/\\\/posgrados.fcecon.unr.edu.ar\\\/#\\\/schema\\\/logo\\\/image\\\/\",\"url\":\"https:\\\/\\\/posgrados.fcecon.unr.edu.ar\\\/wp-content\\\/uploads\\\/2025\\\/03\\\/cropped-cropped-cropped-cropped-Diseno_sin_titulo__31_-removebg-preview.png\",\"contentUrl\":\"https:\\\/\\\/posgrados.fcecon.unr.edu.ar\\\/wp-content\\\/uploads\\\/2025\\\/03\\\/cropped-cropped-cropped-cropped-Diseno_sin_titulo__31_-removebg-preview.png\",\"width\":675,\"height\":88,\"caption\":\"Secretar\u00eda de Posgrado y Formaci\u00f3n Continua FCEyE UNR\"},\"image\":{\"@id\":\"https:\\\/\\\/posgrados.fcecon.unr.edu.ar\\\/#\\\/schema\\\/logo\\\/image\\\/\"}}]}<\/script>\n<!-- \/ Yoast SEO plugin. -->","yoast_head_json":{"title":"Programa \u201cMi primer cliente PyME\u201d | M\u00f3dulo 5: Mi primer estado contable - Secretar\u00eda de Posgrado y Formaci\u00f3n Continua FCEyE UNR","robots":{"index":"index","follow":"follow","max-snippet":"max-snippet:-1","max-image-preview":"max-image-preview:large","max-video-preview":"max-video-preview:-1"},"canonical":"https:\/\/posgrados.fcecon.unr.edu.ar\/?product=programa-mi-primer-cliente-pyme-modulo-5-mi-primer-estado-contable","og_locale":"es_ES","og_type":"article","og_title":"Programa \u201cMi primer cliente PyME\u201d | M\u00f3dulo 5: Mi primer estado contable - Secretar\u00eda de Posgrado y Formaci\u00f3n Continua FCEyE UNR","og_description":"4 encuentros: Lunes 4\/8, Jueves 7\/8, Lunes 11\/8 y Jueves 14\/8 \u00a0Horario: de 18 a 20 \u00a0Modalidad: Virtual \/ Plataforma...","og_url":"https:\/\/posgrados.fcecon.unr.edu.ar\/?product=programa-mi-primer-cliente-pyme-modulo-5-mi-primer-estado-contable","og_site_name":"Secretar\u00eda de Posgrado y Formaci\u00f3n Continua FCEyE UNR","article_modified_time":"2025-08-26T17:30:02+00:00","og_image":[{"width":1080,"height":1080,"url":"https:\/\/posgrados.fcecon.unr.edu.ar\/wp-content\/uploads\/2025\/07\/Cursos-POST-1.png","type":"image\/png"}],"twitter_card":"summary_large_image","twitter_misc":{"Tiempo de lectura":"4 minutos"},"schema":{"@context":"https:\/\/schema.org","@graph":[{"@type":"WebPage","@id":"https:\/\/posgrados.fcecon.unr.edu.ar\/?product=programa-mi-primer-cliente-pyme-modulo-5-mi-primer-estado-contable","url":"https:\/\/posgrados.fcecon.unr.edu.ar\/?product=programa-mi-primer-cliente-pyme-modulo-5-mi-primer-estado-contable","name":"Programa \u201cMi primer cliente PyME\u201d | M\u00f3dulo 5: Mi primer estado contable - Secretar\u00eda de Posgrado y Formaci\u00f3n Continua FCEyE UNR","isPartOf":{"@id":"https:\/\/posgrados.fcecon.unr.edu.ar\/#website"},"primaryImageOfPage":{"@id":"https:\/\/posgrados.fcecon.unr.edu.ar\/?product=programa-mi-primer-cliente-pyme-modulo-5-mi-primer-estado-contable#primaryimage"},"image":{"@id":"https:\/\/posgrados.fcecon.unr.edu.ar\/?product=programa-mi-primer-cliente-pyme-modulo-5-mi-primer-estado-contable#primaryimage"},"thumbnailUrl":"https:\/\/posgrados.fcecon.unr.edu.ar\/wp-content\/uploads\/2025\/07\/Cursos-POST-1.png","datePublished":"2025-07-25T17:38:09+00:00","dateModified":"2025-08-26T17:30:02+00:00","breadcrumb":{"@id":"https:\/\/posgrados.fcecon.unr.edu.ar\/?product=programa-mi-primer-cliente-pyme-modulo-5-mi-primer-estado-contable#breadcrumb"},"inLanguage":"es-AR","potentialAction":[{"@type":"ReadAction","target":["https:\/\/posgrados.fcecon.unr.edu.ar\/?product=programa-mi-primer-cliente-pyme-modulo-5-mi-primer-estado-contable"]}]},{"@type":"ImageObject","inLanguage":"es-AR","@id":"https:\/\/posgrados.fcecon.unr.edu.ar\/?product=programa-mi-primer-cliente-pyme-modulo-5-mi-primer-estado-contable#primaryimage","url":"https:\/\/posgrados.fcecon.unr.edu.ar\/wp-content\/uploads\/2025\/07\/Cursos-POST-1.png","contentUrl":"https:\/\/posgrados.fcecon.unr.edu.ar\/wp-content\/uploads\/2025\/07\/Cursos-POST-1.png","width":1080,"height":1080},{"@type":"BreadcrumbList","@id":"https:\/\/posgrados.fcecon.unr.edu.ar\/?product=programa-mi-primer-cliente-pyme-modulo-5-mi-primer-estado-contable#breadcrumb","itemListElement":[{"@type":"ListItem","position":1,"name":"Home","item":"https:\/\/posgrados.fcecon.unr.edu.ar\/"},{"@type":"ListItem","position":2,"name":"Nuestros cursos","item":"https:\/\/posgrados.fcecon.unr.edu.ar\/?page_id=122"},{"@type":"ListItem","position":3,"name":"Programa \u201cMi primer cliente PyME\u201d | M\u00f3dulo 5: Mi primer estado contable"}]},{"@type":"WebSite","@id":"https:\/\/posgrados.fcecon.unr.edu.ar\/#website","url":"https:\/\/posgrados.fcecon.unr.edu.ar\/","name":"Secretar\u00eda de Posgrado y Formaci\u00f3n Continua FCEyE UNR","description":"Posgrado FCEyE UNR","publisher":{"@id":"https:\/\/posgrados.fcecon.unr.edu.ar\/#organization"},"potentialAction":[{"@type":"SearchAction","target":{"@type":"EntryPoint","urlTemplate":"https:\/\/posgrados.fcecon.unr.edu.ar\/?s={search_term_string}"},"query-input":{"@type":"PropertyValueSpecification","valueRequired":true,"valueName":"search_term_string"}}],"inLanguage":"es-AR"},{"@type":"Organization","@id":"https:\/\/posgrados.fcecon.unr.edu.ar\/#organization","name":"Secretar\u00eda de Posgrado y Formaci\u00f3n Continua FCEyE UNR","url":"https:\/\/posgrados.fcecon.unr.edu.ar\/","logo":{"@type":"ImageObject","inLanguage":"es-AR","@id":"https:\/\/posgrados.fcecon.unr.edu.ar\/#\/schema\/logo\/image\/","url":"https:\/\/posgrados.fcecon.unr.edu.ar\/wp-content\/uploads\/2025\/03\/cropped-cropped-cropped-cropped-Diseno_sin_titulo__31_-removebg-preview.png","contentUrl":"https:\/\/posgrados.fcecon.unr.edu.ar\/wp-content\/uploads\/2025\/03\/cropped-cropped-cropped-cropped-Diseno_sin_titulo__31_-removebg-preview.png","width":675,"height":88,"caption":"Secretar\u00eda de Posgrado y Formaci\u00f3n Continua FCEyE UNR"},"image":{"@id":"https:\/\/posgrados.fcecon.unr.edu.ar\/#\/schema\/logo\/image\/"}}]}},"_links":{"self":[{"href":"https:\/\/posgrados.fcecon.unr.edu.ar\/index.php?rest_route=\/wp\/v2\/product\/1219","targetHints":{"allow":["GET"]}}],"collection":[{"href":"https:\/\/posgrados.fcecon.unr.edu.ar\/index.php?rest_route=\/wp\/v2\/product"}],"about":[{"href":"https:\/\/posgrados.fcecon.unr.edu.ar\/index.php?rest_route=\/wp\/v2\/types\/product"}],"replies":[{"embeddable":true,"href":"https:\/\/posgrados.fcecon.unr.edu.ar\/index.php?rest_route=%2Fwp%2Fv2%2Fcomments&post=1219"}],"wp:featuredmedia":[{"embeddable":true,"href":"https:\/\/posgrados.fcecon.unr.edu.ar\/index.php?rest_route=\/wp\/v2\/media\/1281"}],"wp:attachment":[{"href":"https:\/\/posgrados.fcecon.unr.edu.ar\/index.php?rest_route=%2Fwp%2Fv2%2Fmedia&parent=1219"}],"wp:term":[{"taxonomy":"product_cat","embeddable":true,"href":"https:\/\/posgrados.fcecon.unr.edu.ar\/index.php?rest_route=%2Fwp%2Fv2%2Fproduct_cat&post=1219"},{"taxonomy":"product_tag","embeddable":true,"href":"https:\/\/posgrados.fcecon.unr.edu.ar\/index.php?rest_route=%2Fwp%2Fv2%2Fproduct_tag&post=1219"}],"curies":[{"name":"wp","href":"https:\/\/api.w.org\/{rel}","templated":true}]}}