{"id":1075,"date":"2025-06-11T17:47:37","date_gmt":"2025-06-11T20:47:37","guid":{"rendered":"https:\/\/posgrados.fcecon.unr.edu.ar\/?post_type=product&#038;p=1075"},"modified":"2025-08-26T14:33:38","modified_gmt":"2025-08-26T17:33:38","slug":"programa-mi-primer-cliente-pyme-modulo-4-mi-primer-analisis-de-costos","status":"publish","type":"product","link":"https:\/\/posgrados.fcecon.unr.edu.ar\/?product=programa-mi-primer-cliente-pyme-modulo-4-mi-primer-analisis-de-costos","title":{"rendered":"Programa &#8220;Mi primer cliente PyME&#8221; | M\u00f3dulo 4: Mi primer analisis de costos"},"content":{"rendered":"<p><img decoding=\"async\" class=\"emoji\" role=\"img\" draggable=\"false\" src=\"https:\/\/s.w.org\/images\/core\/emoji\/15.1.0\/svg\/1f5d3.svg\" alt=\"\ud83d\uddd3\ufe0f\" \/> 3 encuentros: Lunes 23\/6, Jueves 26\/6 y Lunes 30\/6<br \/>\n<img decoding=\"async\" class=\"emoji\" role=\"img\" draggable=\"false\" src=\"https:\/\/s.w.org\/images\/core\/emoji\/15.1.0\/svg\/1f55c.svg\" alt=\"\ud83d\udd5c\" \/> Horario: de 18 a 20<br \/>\n<img decoding=\"async\" class=\"emoji\" role=\"img\" draggable=\"false\" src=\"https:\/\/s.w.org\/images\/core\/emoji\/15.1.0\/svg\/1f449-1f3fd.svg\" alt=\"\ud83d\udc49\ud83c\udffd\" \/> Modalidad: Virtual \/ Plataforma Meet \/ Sincr\u00f3nica (los encuentros no son grabados)<br \/>\n<img decoding=\"async\" class=\"emoji\" role=\"img\" draggable=\"false\" src=\"https:\/\/s.w.org\/images\/core\/emoji\/15.1.0\/svg\/1f9fe.svg\" alt=\"\ud83e\uddfe\" \/>\u00a0Se entregan certificados de asistencia<\/p>\n<p><strong>Docente a cargo:<\/strong> CP Florencia Ramello<\/p>\n<p><strong>Contenidos:<\/strong><br \/>\n\u2714\ufe0f Elementos constitutivos del costo. Clasificaci\u00f3n<br \/>\n\u2714\ufe0f Sistemas de costos. Metodolog\u00eda para efectuar an\u00e1lisis para la toma de decisiones<br \/>\n\u2714\ufe0f Costo para la toma de decisiones. Punto de equilibrio<br \/>\n\u2714\ufe0f Tipos de Informe de gesti\u00f3n<br \/>\n\u2714\ufe0f Costos medioambientales<\/p>\n<p>\ud83d\udcb0 Aranceles:<br \/>\nAlumnos y docentes FCEyE UNR: $ 45.000<br \/>\nGraduados FCEyE UNR y\/o matriculados CPCE: $ 52.500<br \/>\nP\u00fablico general: $ 60.000<\/p>\n<p><strong>M\u00e1s Info:<\/strong> posgrado.virtual@fcecon.unr.edu.ar<\/p>\n<p>\u27a1\ufe0f 1) Cargar la inscripci\u00f3n <a href=\"https:\/\/forms.gle\/AXRTWxxx6xGKcm796\"><em><strong>en este link<\/strong><\/em><\/a><\/p>\n<p>\u27a1\ufe0f 2) Acreditar el pago completando <a href=\"https:\/\/docs.google.com\/forms\/d\/e\/1FAIpQLScNuzJ5O-eTxZhYVGTo868OH8Buy9WVoQd0YJYtGyAZ2klb7Q\/viewform\"><em><strong>el siguiente link<\/strong><\/em><\/a><\/p>\n<p><strong>Forma de pago:<\/strong><br \/>\nTransferencia bancaria a Asociaci\u00f3n Cooperadora de Facultad de Ciencias Econ\u00f3micas y Estad\u00edstica de la UNR (*)<br \/>\nBANCO MACRO<br \/>\nCuenta: CC &#8211; PESOS &#8211; 372000000048503<br \/>\nCBU: 2850720230000000485033<\/p>\n<p>(*) <em>Por otros medios de pago comunicarse al siguiente correo: cobranza-cooperadora@fcecon.unr.edu.ar<\/em><\/p>\n<p><strong>Organizan:<\/strong><br \/>\n\u00c1rea Graduados. Secretar\u00eda de Posgrado y Formaci\u00f3n Continua Facultad de Ciencias Econ\u00f3micas y Estad\u00edstica UNR.<br \/>\nConsejo Profesional de Ciencias Econ\u00f3micas de la Prov. Sta. Fe (C II)<br \/>\nColegio de Graduados en Ciencias Econ\u00f3micas de Rosario<\/p>\n","protected":false},"excerpt":{"rendered":"<p>3 encuentros: Lunes 23\/6, Jueves 26\/6 y Lunes 30\/6 Horario: de 18 a 20 Modalidad: Virtual \/ Plataforma Meet \/<span class=\"more-dots\">&#8230;<\/span><\/p>\n","protected":false},"featured_media":1282,"comment_status":"open","ping_status":"closed","template":"","meta":[],"product_cat":[24],"product_tag":[],"class_list":{"0":"post-1075","1":"product","2":"type-product","3":"status-publish","4":"has-post-thumbnail","6":"product_cat-cursos-a-la-comunidad","8":"first","9":"instock","10":"shipping-taxable","11":"product-type-simple"},"yoast_head":"<!-- This site is optimized with the Yoast SEO plugin v27.5 - https:\/\/yoast.com\/product\/yoast-seo-wordpress\/ -->\n<title>Programa &quot;Mi primer cliente PyME&quot; | M\u00f3dulo 4: Mi primer analisis de costos - Secretar\u00eda de Posgrado y Formaci\u00f3n Continua FCEyE UNR<\/title>\n<meta name=\"robots\" content=\"index, follow, max-snippet:-1, max-image-preview:large, max-video-preview:-1\" \/>\n<link rel=\"canonical\" href=\"https:\/\/posgrados.fcecon.unr.edu.ar\/?product=programa-mi-primer-cliente-pyme-modulo-4-mi-primer-analisis-de-costos\" \/>\n<meta property=\"og:locale\" content=\"es_ES\" \/>\n<meta property=\"og:type\" content=\"article\" \/>\n<meta property=\"og:title\" content=\"Programa &quot;Mi primer cliente PyME&quot; | M\u00f3dulo 4: Mi primer analisis de costos - Secretar\u00eda de Posgrado y Formaci\u00f3n Continua FCEyE UNR\" \/>\n<meta property=\"og:description\" content=\"3 encuentros: Lunes 23\/6, Jueves 26\/6 y Lunes 30\/6 Horario: de 18 a 20 Modalidad: Virtual \/ Plataforma Meet \/...\" \/>\n<meta property=\"og:url\" content=\"https:\/\/posgrados.fcecon.unr.edu.ar\/?product=programa-mi-primer-cliente-pyme-modulo-4-mi-primer-analisis-de-costos\" \/>\n<meta property=\"og:site_name\" content=\"Secretar\u00eda de Posgrado y Formaci\u00f3n Continua FCEyE UNR\" \/>\n<meta property=\"article:modified_time\" content=\"2025-08-26T17:33:38+00:00\" \/>\n<meta property=\"og:image\" content=\"https:\/\/posgrados.fcecon.unr.edu.ar\/wp-content\/uploads\/2025\/06\/Cursos-POST-5.png\" \/>\n\t<meta property=\"og:image:width\" content=\"1080\" \/>\n\t<meta property=\"og:image:height\" content=\"1080\" \/>\n\t<meta property=\"og:image:type\" content=\"image\/png\" \/>\n<meta name=\"twitter:card\" content=\"summary_large_image\" \/>\n<meta name=\"twitter:label1\" content=\"Tiempo de lectura\" \/>\n\t<meta name=\"twitter:data1\" content=\"2 minutos\" \/>\n<script type=\"application\/ld+json\" class=\"yoast-schema-graph\">{\"@context\":\"https:\\\/\\\/schema.org\",\"@graph\":[{\"@type\":\"WebPage\",\"@id\":\"https:\\\/\\\/posgrados.fcecon.unr.edu.ar\\\/?product=programa-mi-primer-cliente-pyme-modulo-4-mi-primer-analisis-de-costos\",\"url\":\"https:\\\/\\\/posgrados.fcecon.unr.edu.ar\\\/?product=programa-mi-primer-cliente-pyme-modulo-4-mi-primer-analisis-de-costos\",\"name\":\"Programa \\\"Mi primer cliente PyME\\\" | M\u00f3dulo 4: Mi primer analisis de costos - Secretar\u00eda de Posgrado y Formaci\u00f3n Continua FCEyE UNR\",\"isPartOf\":{\"@id\":\"https:\\\/\\\/posgrados.fcecon.unr.edu.ar\\\/#website\"},\"primaryImageOfPage\":{\"@id\":\"https:\\\/\\\/posgrados.fcecon.unr.edu.ar\\\/?product=programa-mi-primer-cliente-pyme-modulo-4-mi-primer-analisis-de-costos#primaryimage\"},\"image\":{\"@id\":\"https:\\\/\\\/posgrados.fcecon.unr.edu.ar\\\/?product=programa-mi-primer-cliente-pyme-modulo-4-mi-primer-analisis-de-costos#primaryimage\"},\"thumbnailUrl\":\"https:\\\/\\\/posgrados.fcecon.unr.edu.ar\\\/wp-content\\\/uploads\\\/2025\\\/06\\\/Cursos-POST-5.png\",\"datePublished\":\"2025-06-11T20:47:37+00:00\",\"dateModified\":\"2025-08-26T17:33:38+00:00\",\"breadcrumb\":{\"@id\":\"https:\\\/\\\/posgrados.fcecon.unr.edu.ar\\\/?product=programa-mi-primer-cliente-pyme-modulo-4-mi-primer-analisis-de-costos#breadcrumb\"},\"inLanguage\":\"es-AR\",\"potentialAction\":[{\"@type\":\"ReadAction\",\"target\":[\"https:\\\/\\\/posgrados.fcecon.unr.edu.ar\\\/?product=programa-mi-primer-cliente-pyme-modulo-4-mi-primer-analisis-de-costos\"]}]},{\"@type\":\"ImageObject\",\"inLanguage\":\"es-AR\",\"@id\":\"https:\\\/\\\/posgrados.fcecon.unr.edu.ar\\\/?product=programa-mi-primer-cliente-pyme-modulo-4-mi-primer-analisis-de-costos#primaryimage\",\"url\":\"https:\\\/\\\/posgrados.fcecon.unr.edu.ar\\\/wp-content\\\/uploads\\\/2025\\\/06\\\/Cursos-POST-5.png\",\"contentUrl\":\"https:\\\/\\\/posgrados.fcecon.unr.edu.ar\\\/wp-content\\\/uploads\\\/2025\\\/06\\\/Cursos-POST-5.png\",\"width\":1080,\"height\":1080},{\"@type\":\"BreadcrumbList\",\"@id\":\"https:\\\/\\\/posgrados.fcecon.unr.edu.ar\\\/?product=programa-mi-primer-cliente-pyme-modulo-4-mi-primer-analisis-de-costos#breadcrumb\",\"itemListElement\":[{\"@type\":\"ListItem\",\"position\":1,\"name\":\"Home\",\"item\":\"https:\\\/\\\/posgrados.fcecon.unr.edu.ar\\\/\"},{\"@type\":\"ListItem\",\"position\":2,\"name\":\"Nuestros cursos\",\"item\":\"https:\\\/\\\/posgrados.fcecon.unr.edu.ar\\\/?page_id=122\"},{\"@type\":\"ListItem\",\"position\":3,\"name\":\"Programa &#8220;Mi primer cliente PyME&#8221; | M\u00f3dulo 4: Mi primer analisis de costos\"}]},{\"@type\":\"WebSite\",\"@id\":\"https:\\\/\\\/posgrados.fcecon.unr.edu.ar\\\/#website\",\"url\":\"https:\\\/\\\/posgrados.fcecon.unr.edu.ar\\\/\",\"name\":\"Secretar\u00eda de Posgrado y Formaci\u00f3n Continua FCEyE UNR\",\"description\":\"Posgrado FCEyE UNR\",\"publisher\":{\"@id\":\"https:\\\/\\\/posgrados.fcecon.unr.edu.ar\\\/#organization\"},\"potentialAction\":[{\"@type\":\"SearchAction\",\"target\":{\"@type\":\"EntryPoint\",\"urlTemplate\":\"https:\\\/\\\/posgrados.fcecon.unr.edu.ar\\\/?s={search_term_string}\"},\"query-input\":{\"@type\":\"PropertyValueSpecification\",\"valueRequired\":true,\"valueName\":\"search_term_string\"}}],\"inLanguage\":\"es-AR\"},{\"@type\":\"Organization\",\"@id\":\"https:\\\/\\\/posgrados.fcecon.unr.edu.ar\\\/#organization\",\"name\":\"Secretar\u00eda de Posgrado y Formaci\u00f3n Continua FCEyE UNR\",\"url\":\"https:\\\/\\\/posgrados.fcecon.unr.edu.ar\\\/\",\"logo\":{\"@type\":\"ImageObject\",\"inLanguage\":\"es-AR\",\"@id\":\"https:\\\/\\\/posgrados.fcecon.unr.edu.ar\\\/#\\\/schema\\\/logo\\\/image\\\/\",\"url\":\"https:\\\/\\\/posgrados.fcecon.unr.edu.ar\\\/wp-content\\\/uploads\\\/2025\\\/03\\\/cropped-cropped-cropped-cropped-Diseno_sin_titulo__31_-removebg-preview.png\",\"contentUrl\":\"https:\\\/\\\/posgrados.fcecon.unr.edu.ar\\\/wp-content\\\/uploads\\\/2025\\\/03\\\/cropped-cropped-cropped-cropped-Diseno_sin_titulo__31_-removebg-preview.png\",\"width\":675,\"height\":88,\"caption\":\"Secretar\u00eda de Posgrado y Formaci\u00f3n Continua FCEyE UNR\"},\"image\":{\"@id\":\"https:\\\/\\\/posgrados.fcecon.unr.edu.ar\\\/#\\\/schema\\\/logo\\\/image\\\/\"}}]}<\/script>\n<!-- \/ Yoast SEO plugin. -->","yoast_head_json":{"title":"Programa \"Mi primer cliente PyME\" | M\u00f3dulo 4: Mi primer analisis de costos - Secretar\u00eda de Posgrado y Formaci\u00f3n Continua FCEyE UNR","robots":{"index":"index","follow":"follow","max-snippet":"max-snippet:-1","max-image-preview":"max-image-preview:large","max-video-preview":"max-video-preview:-1"},"canonical":"https:\/\/posgrados.fcecon.unr.edu.ar\/?product=programa-mi-primer-cliente-pyme-modulo-4-mi-primer-analisis-de-costos","og_locale":"es_ES","og_type":"article","og_title":"Programa \"Mi primer cliente PyME\" | M\u00f3dulo 4: Mi primer analisis de costos - Secretar\u00eda de Posgrado y Formaci\u00f3n Continua FCEyE UNR","og_description":"3 encuentros: Lunes 23\/6, Jueves 26\/6 y Lunes 30\/6 Horario: de 18 a 20 Modalidad: Virtual \/ Plataforma Meet \/...","og_url":"https:\/\/posgrados.fcecon.unr.edu.ar\/?product=programa-mi-primer-cliente-pyme-modulo-4-mi-primer-analisis-de-costos","og_site_name":"Secretar\u00eda de Posgrado y Formaci\u00f3n Continua FCEyE UNR","article_modified_time":"2025-08-26T17:33:38+00:00","og_image":[{"width":1080,"height":1080,"url":"https:\/\/posgrados.fcecon.unr.edu.ar\/wp-content\/uploads\/2025\/06\/Cursos-POST-5.png","type":"image\/png"}],"twitter_card":"summary_large_image","twitter_misc":{"Tiempo de lectura":"2 minutos"},"schema":{"@context":"https:\/\/schema.org","@graph":[{"@type":"WebPage","@id":"https:\/\/posgrados.fcecon.unr.edu.ar\/?product=programa-mi-primer-cliente-pyme-modulo-4-mi-primer-analisis-de-costos","url":"https:\/\/posgrados.fcecon.unr.edu.ar\/?product=programa-mi-primer-cliente-pyme-modulo-4-mi-primer-analisis-de-costos","name":"Programa \"Mi primer cliente PyME\" | M\u00f3dulo 4: Mi primer analisis de costos - Secretar\u00eda de Posgrado y Formaci\u00f3n Continua FCEyE UNR","isPartOf":{"@id":"https:\/\/posgrados.fcecon.unr.edu.ar\/#website"},"primaryImageOfPage":{"@id":"https:\/\/posgrados.fcecon.unr.edu.ar\/?product=programa-mi-primer-cliente-pyme-modulo-4-mi-primer-analisis-de-costos#primaryimage"},"image":{"@id":"https:\/\/posgrados.fcecon.unr.edu.ar\/?product=programa-mi-primer-cliente-pyme-modulo-4-mi-primer-analisis-de-costos#primaryimage"},"thumbnailUrl":"https:\/\/posgrados.fcecon.unr.edu.ar\/wp-content\/uploads\/2025\/06\/Cursos-POST-5.png","datePublished":"2025-06-11T20:47:37+00:00","dateModified":"2025-08-26T17:33:38+00:00","breadcrumb":{"@id":"https:\/\/posgrados.fcecon.unr.edu.ar\/?product=programa-mi-primer-cliente-pyme-modulo-4-mi-primer-analisis-de-costos#breadcrumb"},"inLanguage":"es-AR","potentialAction":[{"@type":"ReadAction","target":["https:\/\/posgrados.fcecon.unr.edu.ar\/?product=programa-mi-primer-cliente-pyme-modulo-4-mi-primer-analisis-de-costos"]}]},{"@type":"ImageObject","inLanguage":"es-AR","@id":"https:\/\/posgrados.fcecon.unr.edu.ar\/?product=programa-mi-primer-cliente-pyme-modulo-4-mi-primer-analisis-de-costos#primaryimage","url":"https:\/\/posgrados.fcecon.unr.edu.ar\/wp-content\/uploads\/2025\/06\/Cursos-POST-5.png","contentUrl":"https:\/\/posgrados.fcecon.unr.edu.ar\/wp-content\/uploads\/2025\/06\/Cursos-POST-5.png","width":1080,"height":1080},{"@type":"BreadcrumbList","@id":"https:\/\/posgrados.fcecon.unr.edu.ar\/?product=programa-mi-primer-cliente-pyme-modulo-4-mi-primer-analisis-de-costos#breadcrumb","itemListElement":[{"@type":"ListItem","position":1,"name":"Home","item":"https:\/\/posgrados.fcecon.unr.edu.ar\/"},{"@type":"ListItem","position":2,"name":"Nuestros cursos","item":"https:\/\/posgrados.fcecon.unr.edu.ar\/?page_id=122"},{"@type":"ListItem","position":3,"name":"Programa &#8220;Mi primer cliente PyME&#8221; | M\u00f3dulo 4: Mi primer analisis de costos"}]},{"@type":"WebSite","@id":"https:\/\/posgrados.fcecon.unr.edu.ar\/#website","url":"https:\/\/posgrados.fcecon.unr.edu.ar\/","name":"Secretar\u00eda de Posgrado y Formaci\u00f3n Continua FCEyE UNR","description":"Posgrado FCEyE UNR","publisher":{"@id":"https:\/\/posgrados.fcecon.unr.edu.ar\/#organization"},"potentialAction":[{"@type":"SearchAction","target":{"@type":"EntryPoint","urlTemplate":"https:\/\/posgrados.fcecon.unr.edu.ar\/?s={search_term_string}"},"query-input":{"@type":"PropertyValueSpecification","valueRequired":true,"valueName":"search_term_string"}}],"inLanguage":"es-AR"},{"@type":"Organization","@id":"https:\/\/posgrados.fcecon.unr.edu.ar\/#organization","name":"Secretar\u00eda de Posgrado y Formaci\u00f3n Continua FCEyE UNR","url":"https:\/\/posgrados.fcecon.unr.edu.ar\/","logo":{"@type":"ImageObject","inLanguage":"es-AR","@id":"https:\/\/posgrados.fcecon.unr.edu.ar\/#\/schema\/logo\/image\/","url":"https:\/\/posgrados.fcecon.unr.edu.ar\/wp-content\/uploads\/2025\/03\/cropped-cropped-cropped-cropped-Diseno_sin_titulo__31_-removebg-preview.png","contentUrl":"https:\/\/posgrados.fcecon.unr.edu.ar\/wp-content\/uploads\/2025\/03\/cropped-cropped-cropped-cropped-Diseno_sin_titulo__31_-removebg-preview.png","width":675,"height":88,"caption":"Secretar\u00eda de Posgrado y Formaci\u00f3n Continua FCEyE UNR"},"image":{"@id":"https:\/\/posgrados.fcecon.unr.edu.ar\/#\/schema\/logo\/image\/"}}]}},"_links":{"self":[{"href":"https:\/\/posgrados.fcecon.unr.edu.ar\/index.php?rest_route=\/wp\/v2\/product\/1075","targetHints":{"allow":["GET"]}}],"collection":[{"href":"https:\/\/posgrados.fcecon.unr.edu.ar\/index.php?rest_route=\/wp\/v2\/product"}],"about":[{"href":"https:\/\/posgrados.fcecon.unr.edu.ar\/index.php?rest_route=\/wp\/v2\/types\/product"}],"replies":[{"embeddable":true,"href":"https:\/\/posgrados.fcecon.unr.edu.ar\/index.php?rest_route=%2Fwp%2Fv2%2Fcomments&post=1075"}],"wp:featuredmedia":[{"embeddable":true,"href":"https:\/\/posgrados.fcecon.unr.edu.ar\/index.php?rest_route=\/wp\/v2\/media\/1282"}],"wp:attachment":[{"href":"https:\/\/posgrados.fcecon.unr.edu.ar\/index.php?rest_route=%2Fwp%2Fv2%2Fmedia&parent=1075"}],"wp:term":[{"taxonomy":"product_cat","embeddable":true,"href":"https:\/\/posgrados.fcecon.unr.edu.ar\/index.php?rest_route=%2Fwp%2Fv2%2Fproduct_cat&post=1075"},{"taxonomy":"product_tag","embeddable":true,"href":"https:\/\/posgrados.fcecon.unr.edu.ar\/index.php?rest_route=%2Fwp%2Fv2%2Fproduct_tag&post=1075"}],"curies":[{"name":"wp","href":"https:\/\/api.w.org\/{rel}","templated":true}]}}