{"id":316,"date":"2024-09-27T11:57:33","date_gmt":"2024-09-27T14:57:33","guid":{"rendered":"https:\/\/posgrados.fcecon.unr.edu.ar\/?page_id=316"},"modified":"2025-08-04T15:05:10","modified_gmt":"2025-08-04T18:05:10","slug":"tributacion-2","status":"publish","type":"page","link":"https:\/\/posgrados.fcecon.unr.edu.ar\/?page_id=316","title":{"rendered":"Tributaci\u00f3n"},"content":{"rendered":"<p>Transf\u00f3rmate en un profesional profundamente versado en la materia tributaria con posibilidad de desempe\u00f1arte responsablemente y en forma integral en la gesti\u00f3n tributaria tanto p\u00fablica como privada.<\/p><p>\u2705 Cuerpo docente de excelencia<br>\u23f3 Programa de 730 horas con un enfoque pr\u00e1ctico de 236.<br>\ud83d\udcd1 T\u00edtulo: Magister en Tributaci\u00f3n &#8211; Acreditada por CONEAU (Sesi\u00f3n 598, del 9 de octubre de 2023)<br>\u2705 + de 100 a\u00f1os de prestigio &#8211; Facultad de Ciencias y Econ\u00f3micas y Estad\u00edstica UNR<br><br><strong>Director: Mag. Diego Fern\u00e1ndez de Luco<\/strong> | <a href=\"mailto:dfdeluco@fcecon.unr.edu.ar\" target=\"_blank\" rel=\"noreferrer noopener\">Contacto<\/a> | dfdeluco@fcecon.unr.edu.ar<br><strong>Coordinadora Acad\u00e9mica: Esp. Lorena Marcela Almada<\/strong> | <a href=\"mailto:lalmada@fcecon.unr.edu.ar\" target=\"_blank\" rel=\"noreferrer noopener\">Contacto<\/a> | lalmada@fcecon.unr.edu.ar<\/p><hr class=\"wp-block-separator has-alpha-channel-opacity is-style-wide\"\/><p><\/p><p><strong>OBJETIVOS<\/strong><\/p><p>El objetivo general de la carrera es formar profesionales profundamente versados en la materia&nbsp;tributaria con adecuado manejo de las herramientas te\u00f3ricas y pr\u00e1cticas necesarias para&nbsp; desempe\u00f1arse&nbsp;responsablemente y en forma integral en la gesti\u00f3n tributaria tanto p\u00fablica como privada. En este sentido, tiene por objetivos particulares:<\/p><p><strong>Brindar informaci\u00f3n<\/strong> actualizada de la t\u00e9cnica y la praxis de la tributaci\u00f3n, nacional,&nbsp;interjurisdiccional e internacional, a trav\u00e9s de la profundizaci\u00f3n de los conocimientos previos.<br><strong>Analizar <\/strong>de manera integral los criterios econ\u00f3micos y legales para el planeamiento tributario,&nbsp;detectando posibles situaciones de conflicto.<br><strong>Desarrollar<\/strong> las competencias y destrezas necesarias para interpretar correctamente las normas&nbsp;tributarias de cualquier jurisdicci\u00f3n del pa\u00eds, as\u00ed como para aplicar a casos concretos la legislaci\u00f3n, la&nbsp;doctrina y la jurisprudencia que ser\u00e1n motivo de estudio, tanto en el sector privado como en la funci\u00f3n&nbsp;p\u00fablica.<br><strong>Generar<\/strong> un \u00e1mbito de discusi\u00f3n pr\u00e1ctica de los aspectos m\u00e1s conflictivos en torno a la&nbsp;problem\u00e1tica de la tributaci\u00f3n local, nacional e internacional.<br><strong>Promover<\/strong> la actividad de investigaci\u00f3n y docencia en el \u00e1rea.<\/p><p><strong>PERFIL DEL EGRESADO<\/strong><\/p><p>El Magister en Tributaci\u00f3n es un posgraduado con una s\u00f3lida formaci\u00f3n en el \u00e1rea de la&nbsp;tributaci\u00f3n, en los aspectos jur\u00eddicos y econ\u00f3micos.<br>Es capaz de utilizar los conocimientos cient\u00edficos e instrumentales en la resoluci\u00f3n de los desaf\u00edos&nbsp;que plantea la problem\u00e1tica actual de la tributaci\u00f3n.<br>Tiene una actitud cr\u00edtica y flexible que le permite reconocer la necesidad de actualizaci\u00f3n&nbsp;permanente de los conocimientos e intervenir en equipos interdisciplinarios.<br>Tiene una s\u00f3lida formaci\u00f3n acad\u00e9mica fundada en el estudio de las teor\u00edas, los principios y las&nbsp;herramientas pr\u00e1cticas para la litigaci\u00f3n y la planificaci\u00f3n fiscal, con especial atenci\u00f3n hacia el r\u00e9gimen&nbsp;jur\u00eddico de los impuestos en nuestro pa\u00eds.<\/p><hr class=\"wp-block-separator has-alpha-channel-opacity is-style-wide\"\/><p><\/p><p><strong>ASIGNATURAS CICLO DE FORMACI\u00d3N FUNDAMENTAL<\/strong><\/p><p>&#8211; Derecho Tributario<\/p><p>&#8211; Seminario sobre Procedimientos Tributarios<\/p><p>&#8211; Seminario de Imposici\u00f3n sobre la renta e imposici\u00f3n sobre los patrimonios<\/p><p>&#8211; Seminario sobre impuestos a los consumos<\/p><p>&#8211; Seminario sobre problem\u00e1tica tributaria de la empresa y otras organizaciones<\/p><p>&#8211; Sistemas impositivos e integraci\u00f3n econ\u00f3mica. Armonizaci\u00f3n tributaria<\/p><p>&#8211; Econom\u00eda del Sector P\u00fablico<\/p><p>&#8211; Administraci\u00f3n Tributaria<\/p><p><\/p><p><strong>CICLO DE FORMACI\u00d3N COMPLEMENTARIA &#8211; SEMINARIOS OPTATIVOS<\/strong><\/p><p>&#8211; Seminario sobre tributaci\u00f3n en operaciones financieras<\/p><p>&#8211; Seminario sobre tributaci\u00f3n internacional profundizada<\/p><p>&#8211; Seminario sobre Precios de Transferencia<\/p><p>&#8211; Seminario&nbsp; sobre r\u00e9gimen de la seguridad social y procedimiento previsional profundizado<\/p><p>&#8211; Seminario sobre tributaci\u00f3n local profundizada<\/p><p>&#8211; Seminario sobre aspectos tributarios de la actividad agropecuaria<\/p><p>&#8211; Seminario sobre tributaci\u00f3n y procedimientos aduaneros profundizados.<\/p><p>&#8211; Seminario sobre redacci\u00f3n de escritos, ofrecimiento y producci\u00f3n de prueba en el procedimiento tributario.<\/p><p>&#8211; Seminario sobre Derecho Penal Tributario y Compliance Fiscal<\/p><p>&#8211; Seminario sobre Derecho Constitucional Tributario y Procesal Constitucional Tributario Profundizado<\/p><div class=\"wp-block-columns is-layout-flex wp-container-core-columns-is-layout-9d6595d7 wp-block-columns-is-layout-flex\"><div class=\"wp-block-column is-layout-flow wp-block-column-is-layout-flow\" style=\"flex-basis:100%\"><div class=\"wp-block-buttons is-content-justification-center is-layout-flex wp-container-core-buttons-is-layout-16018d1d wp-block-buttons-is-layout-flex\"><div class=\"wp-block-button\"><a class=\"wp-block-button__link wp-element-button\" href=\"https:\/\/drive.google.com\/file\/d\/1tdto4I4oXdsIi7BoqBoY9UZPubT16FqT\/view?usp=sharing\" target=\"_blank\" rel=\"noreferrer noopener\">Descarg\u00e1 el Plan de Estudios<\/a><\/div>\n\n\n\n<div class=\"wp-block-button\"><a class=\"wp-block-button__link wp-element-button\" href=\"mailto:dfdeluco@fcecon.unr.edu.ar\" target=\"_blank\" rel=\"noreferrer noopener\">Contactanos<\/a><\/div><\/div><\/div><\/div><p><\/p>","protected":false},"excerpt":{"rendered":"<p>Transf\u00f3rmate en un profesional profundamente versado en la materia tributaria con posibilidad de desempe\u00f1arte responsablemente y en forma integral en<span class=\"more-dots\">&#8230;<\/span><\/p>\n","protected":false},"author":2,"featured_media":0,"parent":0,"menu_order":0,"comment_status":"closed","ping_status":"closed","template":"","meta":{"footnotes":""},"class_list":["post-316","page","type-page","status-publish","hentry","no-post-thumbnail"],"yoast_head":"<!-- This site is optimized with the Yoast SEO plugin v27.5 - https:\/\/yoast.com\/product\/yoast-seo-wordpress\/ -->\n<title>Tributaci\u00f3n - Secretar\u00eda de Posgrado y Formaci\u00f3n Continua FCEyE UNR<\/title>\n<meta name=\"robots\" content=\"index, follow, max-snippet:-1, max-image-preview:large, max-video-preview:-1\" \/>\n<link rel=\"canonical\" href=\"https:\/\/posgrados.fcecon.unr.edu.ar\/?page_id=316\" \/>\n<meta property=\"og:locale\" content=\"es_ES\" \/>\n<meta property=\"og:type\" content=\"article\" \/>\n<meta property=\"og:title\" content=\"Tributaci\u00f3n - Secretar\u00eda de Posgrado y Formaci\u00f3n Continua FCEyE UNR\" \/>\n<meta property=\"og:description\" content=\"Transf\u00f3rmate en un profesional profundamente versado en la materia tributaria con posibilidad de desempe\u00f1arte responsablemente y en forma integral en...\" \/>\n<meta property=\"og:url\" content=\"https:\/\/posgrados.fcecon.unr.edu.ar\/?page_id=316\" \/>\n<meta property=\"og:site_name\" content=\"Secretar\u00eda de Posgrado y Formaci\u00f3n Continua FCEyE UNR\" \/>\n<meta property=\"article:modified_time\" content=\"2025-08-04T18:05:10+00:00\" \/>\n<meta name=\"twitter:card\" content=\"summary_large_image\" \/>\n<meta name=\"twitter:label1\" content=\"Tiempo de lectura\" \/>\n\t<meta name=\"twitter:data1\" content=\"3 minutos\" \/>\n<script type=\"application\/ld+json\" class=\"yoast-schema-graph\">{\"@context\":\"https:\\\/\\\/schema.org\",\"@graph\":[{\"@type\":\"WebPage\",\"@id\":\"https:\\\/\\\/posgrados.fcecon.unr.edu.ar\\\/?page_id=316\",\"url\":\"https:\\\/\\\/posgrados.fcecon.unr.edu.ar\\\/?page_id=316\",\"name\":\"Tributaci\u00f3n - Secretar\u00eda de Posgrado y Formaci\u00f3n Continua FCEyE UNR\",\"isPartOf\":{\"@id\":\"https:\\\/\\\/posgrados.fcecon.unr.edu.ar\\\/#website\"},\"datePublished\":\"2024-09-27T14:57:33+00:00\",\"dateModified\":\"2025-08-04T18:05:10+00:00\",\"breadcrumb\":{\"@id\":\"https:\\\/\\\/posgrados.fcecon.unr.edu.ar\\\/?page_id=316#breadcrumb\"},\"inLanguage\":\"es-AR\",\"potentialAction\":[{\"@type\":\"ReadAction\",\"target\":[\"https:\\\/\\\/posgrados.fcecon.unr.edu.ar\\\/?page_id=316\"]}]},{\"@type\":\"BreadcrumbList\",\"@id\":\"https:\\\/\\\/posgrados.fcecon.unr.edu.ar\\\/?page_id=316#breadcrumb\",\"itemListElement\":[{\"@type\":\"ListItem\",\"position\":1,\"name\":\"Home\",\"item\":\"https:\\\/\\\/posgrados.fcecon.unr.edu.ar\\\/\"},{\"@type\":\"ListItem\",\"position\":2,\"name\":\"Tributaci\u00f3n\"}]},{\"@type\":\"WebSite\",\"@id\":\"https:\\\/\\\/posgrados.fcecon.unr.edu.ar\\\/#website\",\"url\":\"https:\\\/\\\/posgrados.fcecon.unr.edu.ar\\\/\",\"name\":\"Secretar\u00eda de Posgrado y Formaci\u00f3n Continua FCEyE UNR\",\"description\":\"Posgrado FCEyE UNR\",\"publisher\":{\"@id\":\"https:\\\/\\\/posgrados.fcecon.unr.edu.ar\\\/#organization\"},\"potentialAction\":[{\"@type\":\"SearchAction\",\"target\":{\"@type\":\"EntryPoint\",\"urlTemplate\":\"https:\\\/\\\/posgrados.fcecon.unr.edu.ar\\\/?s={search_term_string}\"},\"query-input\":{\"@type\":\"PropertyValueSpecification\",\"valueRequired\":true,\"valueName\":\"search_term_string\"}}],\"inLanguage\":\"es-AR\"},{\"@type\":\"Organization\",\"@id\":\"https:\\\/\\\/posgrados.fcecon.unr.edu.ar\\\/#organization\",\"name\":\"Secretar\u00eda de Posgrado y Formaci\u00f3n Continua FCEyE UNR\",\"url\":\"https:\\\/\\\/posgrados.fcecon.unr.edu.ar\\\/\",\"logo\":{\"@type\":\"ImageObject\",\"inLanguage\":\"es-AR\",\"@id\":\"https:\\\/\\\/posgrados.fcecon.unr.edu.ar\\\/#\\\/schema\\\/logo\\\/image\\\/\",\"url\":\"https:\\\/\\\/posgrados.fcecon.unr.edu.ar\\\/wp-content\\\/uploads\\\/2025\\\/03\\\/cropped-cropped-cropped-cropped-Diseno_sin_titulo__31_-removebg-preview.png\",\"contentUrl\":\"https:\\\/\\\/posgrados.fcecon.unr.edu.ar\\\/wp-content\\\/uploads\\\/2025\\\/03\\\/cropped-cropped-cropped-cropped-Diseno_sin_titulo__31_-removebg-preview.png\",\"width\":675,\"height\":88,\"caption\":\"Secretar\u00eda de Posgrado y Formaci\u00f3n Continua FCEyE UNR\"},\"image\":{\"@id\":\"https:\\\/\\\/posgrados.fcecon.unr.edu.ar\\\/#\\\/schema\\\/logo\\\/image\\\/\"}}]}<\/script>\n<!-- \/ Yoast SEO plugin. -->","yoast_head_json":{"title":"Tributaci\u00f3n - Secretar\u00eda de Posgrado y Formaci\u00f3n Continua FCEyE UNR","robots":{"index":"index","follow":"follow","max-snippet":"max-snippet:-1","max-image-preview":"max-image-preview:large","max-video-preview":"max-video-preview:-1"},"canonical":"https:\/\/posgrados.fcecon.unr.edu.ar\/?page_id=316","og_locale":"es_ES","og_type":"article","og_title":"Tributaci\u00f3n - Secretar\u00eda de Posgrado y Formaci\u00f3n Continua FCEyE UNR","og_description":"Transf\u00f3rmate en un profesional profundamente versado en la materia tributaria con posibilidad de desempe\u00f1arte responsablemente y en forma integral en...","og_url":"https:\/\/posgrados.fcecon.unr.edu.ar\/?page_id=316","og_site_name":"Secretar\u00eda de Posgrado y Formaci\u00f3n Continua FCEyE UNR","article_modified_time":"2025-08-04T18:05:10+00:00","twitter_card":"summary_large_image","twitter_misc":{"Tiempo de lectura":"3 minutos"},"schema":{"@context":"https:\/\/schema.org","@graph":[{"@type":"WebPage","@id":"https:\/\/posgrados.fcecon.unr.edu.ar\/?page_id=316","url":"https:\/\/posgrados.fcecon.unr.edu.ar\/?page_id=316","name":"Tributaci\u00f3n - Secretar\u00eda de Posgrado y Formaci\u00f3n Continua FCEyE UNR","isPartOf":{"@id":"https:\/\/posgrados.fcecon.unr.edu.ar\/#website"},"datePublished":"2024-09-27T14:57:33+00:00","dateModified":"2025-08-04T18:05:10+00:00","breadcrumb":{"@id":"https:\/\/posgrados.fcecon.unr.edu.ar\/?page_id=316#breadcrumb"},"inLanguage":"es-AR","potentialAction":[{"@type":"ReadAction","target":["https:\/\/posgrados.fcecon.unr.edu.ar\/?page_id=316"]}]},{"@type":"BreadcrumbList","@id":"https:\/\/posgrados.fcecon.unr.edu.ar\/?page_id=316#breadcrumb","itemListElement":[{"@type":"ListItem","position":1,"name":"Home","item":"https:\/\/posgrados.fcecon.unr.edu.ar\/"},{"@type":"ListItem","position":2,"name":"Tributaci\u00f3n"}]},{"@type":"WebSite","@id":"https:\/\/posgrados.fcecon.unr.edu.ar\/#website","url":"https:\/\/posgrados.fcecon.unr.edu.ar\/","name":"Secretar\u00eda de Posgrado y Formaci\u00f3n Continua FCEyE UNR","description":"Posgrado FCEyE UNR","publisher":{"@id":"https:\/\/posgrados.fcecon.unr.edu.ar\/#organization"},"potentialAction":[{"@type":"SearchAction","target":{"@type":"EntryPoint","urlTemplate":"https:\/\/posgrados.fcecon.unr.edu.ar\/?s={search_term_string}"},"query-input":{"@type":"PropertyValueSpecification","valueRequired":true,"valueName":"search_term_string"}}],"inLanguage":"es-AR"},{"@type":"Organization","@id":"https:\/\/posgrados.fcecon.unr.edu.ar\/#organization","name":"Secretar\u00eda de Posgrado y Formaci\u00f3n Continua FCEyE UNR","url":"https:\/\/posgrados.fcecon.unr.edu.ar\/","logo":{"@type":"ImageObject","inLanguage":"es-AR","@id":"https:\/\/posgrados.fcecon.unr.edu.ar\/#\/schema\/logo\/image\/","url":"https:\/\/posgrados.fcecon.unr.edu.ar\/wp-content\/uploads\/2025\/03\/cropped-cropped-cropped-cropped-Diseno_sin_titulo__31_-removebg-preview.png","contentUrl":"https:\/\/posgrados.fcecon.unr.edu.ar\/wp-content\/uploads\/2025\/03\/cropped-cropped-cropped-cropped-Diseno_sin_titulo__31_-removebg-preview.png","width":675,"height":88,"caption":"Secretar\u00eda de Posgrado y Formaci\u00f3n Continua FCEyE UNR"},"image":{"@id":"https:\/\/posgrados.fcecon.unr.edu.ar\/#\/schema\/logo\/image\/"}}]}},"_links":{"self":[{"href":"https:\/\/posgrados.fcecon.unr.edu.ar\/index.php?rest_route=\/wp\/v2\/pages\/316","targetHints":{"allow":["GET"]}}],"collection":[{"href":"https:\/\/posgrados.fcecon.unr.edu.ar\/index.php?rest_route=\/wp\/v2\/pages"}],"about":[{"href":"https:\/\/posgrados.fcecon.unr.edu.ar\/index.php?rest_route=\/wp\/v2\/types\/page"}],"author":[{"embeddable":true,"href":"https:\/\/posgrados.fcecon.unr.edu.ar\/index.php?rest_route=\/wp\/v2\/users\/2"}],"replies":[{"embeddable":true,"href":"https:\/\/posgrados.fcecon.unr.edu.ar\/index.php?rest_route=%2Fwp%2Fv2%2Fcomments&post=316"}],"version-history":[{"count":16,"href":"https:\/\/posgrados.fcecon.unr.edu.ar\/index.php?rest_route=\/wp\/v2\/pages\/316\/revisions"}],"predecessor-version":[{"id":1239,"href":"https:\/\/posgrados.fcecon.unr.edu.ar\/index.php?rest_route=\/wp\/v2\/pages\/316\/revisions\/1239"}],"wp:attachment":[{"href":"https:\/\/posgrados.fcecon.unr.edu.ar\/index.php?rest_route=%2Fwp%2Fv2%2Fmedia&parent=316"}],"curies":[{"name":"wp","href":"https:\/\/api.w.org\/{rel}","templated":true}]}}